{"id":2682,"date":"2014-12-17T20:59:07","date_gmt":"2014-12-17T20:59:07","guid":{"rendered":"https:\/\/monita.es\/carpas\/carpas-industriales\/"},"modified":"2019-05-14T15:12:22","modified_gmt":"2019-05-14T15:12:22","slug":"carpas-industriales","status":"publish","type":"page","link":"https:\/\/monita.es\/en\/carpas\/carpas-industriales\/","title":{"rendered":"Industrial marquees"},"content":{"rendered":"<p>The <strong>industrial marquees <\/strong>we sell at <a href=\"https:\/\/monita.es\/monita\/?lang=en\"><strong>MO\u00d1ITA<\/strong><\/a> are made from lightweight and highly versatile aluminium frames.<\/p>\n<h2><strong>Wide range of industrial marquees<\/strong><\/h2>\n<p>Some of the characteristics that make our <strong>marquees<\/strong> such in-demand products for both individuals and businesses, are:<\/p>\n<ul>\n<li>Rigid or insulated synthetic membrane roofing.<\/li>\n<li>Synthetic membrane perimeters, both rigid and insulated.<\/li>\n<li>Height of sides of approximately 3 to 6 metres.<\/li>\n<li>Sheltered spaces measuring approximately 5 to 40 metres.<\/li>\n<li>Optional anti-condensation roofing.<\/li>\n<li>Installation without having to rely on civil engineering works.<\/li>\n<\/ul>\n<p><strong>Industrial marquees<\/strong> are suitable for use during events, launches, business and activities, among others.<\/p>\n<p>At <strong>MO\u00d1ITA <\/strong>we have an experienced team of professionals to assemble these structures quickly and safely. We are certified by the <strong>Spanish Association of Tents and Temporary Installations (ASPEC in Spanish).<\/strong> Contact us.<\/p>\n","protected":false},"excerpt":{"rendered":"<p>The industrial marquees we sell at MO\u00d1ITA are made from lightweight and highly versatile aluminium frames. Wide range of industrial marquees Some of the characteristics that make our marquees such in-demand products for both individuals and businesses, are: Rigid or insulated synthetic membrane roofing. Synthetic membrane perimeters, both rigid and insulated. Height of sides of &#8230; <a title=\"Industrial marquees\" class=\"read-more\" href=\"https:\/\/monita.es\/en\/carpas\/carpas-industriales\/\" aria-label=\"Read more about Industrial marquees\">Leer m\u00e1s<\/a><\/p>\n","protected":false},"author":2,"featured_media":511,"parent":2641,"menu_order":15,"comment_status":"open","ping_status":"closed","template":"","meta":{"footnotes":""},"class_list":["post-2682","page","type-page","status-publish","has-post-thumbnail"],"yoast_head":"<!-- This site is optimized with the Yoast SEO plugin v24.7 - https:\/\/yoast.com\/wordpress\/plugins\/seo\/ -->\n<title>Industrial tents - Tents - MO\u00d1ITA<\/title>\n<meta name=\"description\" content=\"Decide for the industrial tents that we offer in MO\u00d1ITA. Call us to know our products and prices. You will not regret\" \/>\n<meta name=\"robots\" content=\"index, follow, max-snippet:-1, max-image-preview:large, max-video-preview:-1\" \/>\n<link rel=\"canonical\" href=\"https:\/\/monita.es\/en\/carpas\/carpas-industriales\/\" \/>\n<meta property=\"og:locale\" content=\"en_US\" \/>\n<meta property=\"og:type\" content=\"article\" \/>\n<meta property=\"og:title\" content=\"Industrial tents - Tents - MO\u00d1ITA\" \/>\n<meta property=\"og:description\" content=\"Decide for the industrial tents that we offer in MO\u00d1ITA. Call us to know our products and prices. You will not regret\" \/>\n<meta property=\"og:url\" content=\"https:\/\/monita.es\/en\/carpas\/carpas-industriales\/\" \/>\n<meta property=\"og:site_name\" content=\"Venta de carpas en Madrid - MO\u00d1ITA\" \/>\n<meta property=\"article:modified_time\" content=\"2019-05-14T15:12:22+00:00\" \/>\n<meta property=\"og:image\" content=\"https:\/\/monita.es\/wp-content\/uploads\/2014\/12\/toldo-monita-aside-nuestros-clientes.jpg\" \/>\n\t<meta property=\"og:image:width\" content=\"544\" \/>\n\t<meta property=\"og:image:height\" content=\"380\" \/>\n\t<meta property=\"og:image:type\" content=\"image\/jpeg\" \/>\n<meta name=\"twitter:label1\" content=\"Est. reading time\" \/>\n\t<meta name=\"twitter:data1\" content=\"1 minute\" \/>\n<script type=\"application\/ld+json\" class=\"yoast-schema-graph\">{\"@context\":\"https:\/\/schema.org\",\"@graph\":[{\"@type\":\"WebPage\",\"@id\":\"https:\/\/monita.es\/en\/carpas\/carpas-industriales\/\",\"url\":\"https:\/\/monita.es\/en\/carpas\/carpas-industriales\/\",\"name\":\"Industrial tents - Tents - MO\u00d1ITA\",\"isPartOf\":{\"@id\":\"https:\/\/monita.es\/en\/#website\"},\"primaryImageOfPage\":{\"@id\":\"https:\/\/monita.es\/en\/carpas\/carpas-industriales\/#primaryimage\"},\"image\":{\"@id\":\"https:\/\/monita.es\/en\/carpas\/carpas-industriales\/#primaryimage\"},\"thumbnailUrl\":\"https:\/\/monita.es\/wp-content\/uploads\/2014\/12\/toldo-monita-aside-nuestros-clientes.jpg\",\"datePublished\":\"2014-12-17T20:59:07+00:00\",\"dateModified\":\"2019-05-14T15:12:22+00:00\",\"description\":\"Decide for the industrial tents that we offer in MO\u00d1ITA. Call us to know our products and prices. You will not regret\",\"breadcrumb\":{\"@id\":\"https:\/\/monita.es\/en\/carpas\/carpas-industriales\/#breadcrumb\"},\"inLanguage\":\"en-US\",\"potentialAction\":[{\"@type\":\"ReadAction\",\"target\":[\"https:\/\/monita.es\/en\/carpas\/carpas-industriales\/\"]}]},{\"@type\":\"ImageObject\",\"inLanguage\":\"en-US\",\"@id\":\"https:\/\/monita.es\/en\/carpas\/carpas-industriales\/#primaryimage\",\"url\":\"https:\/\/monita.es\/wp-content\/uploads\/2014\/12\/toldo-monita-aside-nuestros-clientes.jpg\",\"contentUrl\":\"https:\/\/monita.es\/wp-content\/uploads\/2014\/12\/toldo-monita-aside-nuestros-clientes.jpg\",\"width\":544,\"height\":380,\"caption\":\"MO\u00d1ITA nuestros clientes\"},{\"@type\":\"BreadcrumbList\",\"@id\":\"https:\/\/monita.es\/en\/carpas\/carpas-industriales\/#breadcrumb\",\"itemListElement\":[{\"@type\":\"ListItem\",\"position\":1,\"name\":\"Mo\u00f1ita\",\"item\":\"https:\/\/monita.es\/en\/home-empresa\/\"},{\"@type\":\"ListItem\",\"position\":2,\"name\":\"Marquees\",\"item\":\"https:\/\/monita.es\/en\/carpas\/\"},{\"@type\":\"ListItem\",\"position\":3,\"name\":\"Industrial marquees\"}]},{\"@type\":\"WebSite\",\"@id\":\"https:\/\/monita.es\/en\/#website\",\"url\":\"https:\/\/monita.es\/en\/\",\"name\":\"Venta de carpas en Madrid - MO\u00d1ITA\",\"description\":\"MO\u00d1ITA es carpas, confecci\u00f3n de lonas para usos industriales, fachada textil, arquitectura textil y toldos. Dise\u00f1amos, proyectamos y creamos tu proyecto.\",\"publisher\":{\"@id\":\"https:\/\/monita.es\/en\/#organization\"},\"potentialAction\":[{\"@type\":\"SearchAction\",\"target\":{\"@type\":\"EntryPoint\",\"urlTemplate\":\"https:\/\/monita.es\/en\/?s={search_term_string}\"},\"query-input\":{\"@type\":\"PropertyValueSpecification\",\"valueRequired\":true,\"valueName\":\"search_term_string\"}}],\"inLanguage\":\"en-US\"},{\"@type\":\"Organization\",\"@id\":\"https:\/\/monita.es\/en\/#organization\",\"name\":\"Mo\u00f1ita\",\"url\":\"https:\/\/monita.es\/en\/\",\"logo\":{\"@type\":\"ImageObject\",\"inLanguage\":\"en-US\",\"@id\":\"https:\/\/monita.es\/en\/#\/schema\/logo\/image\/\",\"url\":\"https:\/\/monita.es\/wp-content\/uploads\/cropped-cropped-logo-monita-1-neg.png\",\"contentUrl\":\"https:\/\/monita.es\/wp-content\/uploads\/cropped-cropped-logo-monita-1-neg.png\",\"width\":785,\"height\":666,\"caption\":\"Mo\u00f1ita\"},\"image\":{\"@id\":\"https:\/\/monita.es\/en\/#\/schema\/logo\/image\/\"}}]}<\/script>\n<!-- \/ Yoast SEO plugin. -->","yoast_head_json":{"title":"Industrial tents - Tents - MO\u00d1ITA","description":"Decide for the industrial tents that we offer in MO\u00d1ITA. Call us to know our products and prices. You will not regret","robots":{"index":"index","follow":"follow","max-snippet":"max-snippet:-1","max-image-preview":"max-image-preview:large","max-video-preview":"max-video-preview:-1"},"canonical":"https:\/\/monita.es\/en\/carpas\/carpas-industriales\/","og_locale":"en_US","og_type":"article","og_title":"Industrial tents - Tents - MO\u00d1ITA","og_description":"Decide for the industrial tents that we offer in MO\u00d1ITA. Call us to know our products and prices. You will not regret","og_url":"https:\/\/monita.es\/en\/carpas\/carpas-industriales\/","og_site_name":"Venta de carpas en Madrid - MO\u00d1ITA","article_modified_time":"2019-05-14T15:12:22+00:00","og_image":[{"width":544,"height":380,"url":"https:\/\/monita.es\/wp-content\/uploads\/2014\/12\/toldo-monita-aside-nuestros-clientes.jpg","type":"image\/jpeg"}],"twitter_misc":{"Est. reading time":"1 minute"},"schema":{"@context":"https:\/\/schema.org","@graph":[{"@type":"WebPage","@id":"https:\/\/monita.es\/en\/carpas\/carpas-industriales\/","url":"https:\/\/monita.es\/en\/carpas\/carpas-industriales\/","name":"Industrial tents - Tents - MO\u00d1ITA","isPartOf":{"@id":"https:\/\/monita.es\/en\/#website"},"primaryImageOfPage":{"@id":"https:\/\/monita.es\/en\/carpas\/carpas-industriales\/#primaryimage"},"image":{"@id":"https:\/\/monita.es\/en\/carpas\/carpas-industriales\/#primaryimage"},"thumbnailUrl":"https:\/\/monita.es\/wp-content\/uploads\/2014\/12\/toldo-monita-aside-nuestros-clientes.jpg","datePublished":"2014-12-17T20:59:07+00:00","dateModified":"2019-05-14T15:12:22+00:00","description":"Decide for the industrial tents that we offer in MO\u00d1ITA. Call us to know our products and prices. You will not regret","breadcrumb":{"@id":"https:\/\/monita.es\/en\/carpas\/carpas-industriales\/#breadcrumb"},"inLanguage":"en-US","potentialAction":[{"@type":"ReadAction","target":["https:\/\/monita.es\/en\/carpas\/carpas-industriales\/"]}]},{"@type":"ImageObject","inLanguage":"en-US","@id":"https:\/\/monita.es\/en\/carpas\/carpas-industriales\/#primaryimage","url":"https:\/\/monita.es\/wp-content\/uploads\/2014\/12\/toldo-monita-aside-nuestros-clientes.jpg","contentUrl":"https:\/\/monita.es\/wp-content\/uploads\/2014\/12\/toldo-monita-aside-nuestros-clientes.jpg","width":544,"height":380,"caption":"MO\u00d1ITA nuestros clientes"},{"@type":"BreadcrumbList","@id":"https:\/\/monita.es\/en\/carpas\/carpas-industriales\/#breadcrumb","itemListElement":[{"@type":"ListItem","position":1,"name":"Mo\u00f1ita","item":"https:\/\/monita.es\/en\/home-empresa\/"},{"@type":"ListItem","position":2,"name":"Marquees","item":"https:\/\/monita.es\/en\/carpas\/"},{"@type":"ListItem","position":3,"name":"Industrial marquees"}]},{"@type":"WebSite","@id":"https:\/\/monita.es\/en\/#website","url":"https:\/\/monita.es\/en\/","name":"Venta de carpas en Madrid - MO\u00d1ITA","description":"MO\u00d1ITA es carpas, confecci\u00f3n de lonas para usos industriales, fachada textil, arquitectura textil y toldos. Dise\u00f1amos, proyectamos y creamos tu proyecto.","publisher":{"@id":"https:\/\/monita.es\/en\/#organization"},"potentialAction":[{"@type":"SearchAction","target":{"@type":"EntryPoint","urlTemplate":"https:\/\/monita.es\/en\/?s={search_term_string}"},"query-input":{"@type":"PropertyValueSpecification","valueRequired":true,"valueName":"search_term_string"}}],"inLanguage":"en-US"},{"@type":"Organization","@id":"https:\/\/monita.es\/en\/#organization","name":"Mo\u00f1ita","url":"https:\/\/monita.es\/en\/","logo":{"@type":"ImageObject","inLanguage":"en-US","@id":"https:\/\/monita.es\/en\/#\/schema\/logo\/image\/","url":"https:\/\/monita.es\/wp-content\/uploads\/cropped-cropped-logo-monita-1-neg.png","contentUrl":"https:\/\/monita.es\/wp-content\/uploads\/cropped-cropped-logo-monita-1-neg.png","width":785,"height":666,"caption":"Mo\u00f1ita"},"image":{"@id":"https:\/\/monita.es\/en\/#\/schema\/logo\/image\/"}}]}},"_links":{"self":[{"href":"https:\/\/monita.es\/en\/wp-json\/wp\/v2\/pages\/2682","targetHints":{"allow":["GET"]}}],"collection":[{"href":"https:\/\/monita.es\/en\/wp-json\/wp\/v2\/pages"}],"about":[{"href":"https:\/\/monita.es\/en\/wp-json\/wp\/v2\/types\/page"}],"author":[{"embeddable":true,"href":"https:\/\/monita.es\/en\/wp-json\/wp\/v2\/users\/2"}],"replies":[{"embeddable":true,"href":"https:\/\/monita.es\/en\/wp-json\/wp\/v2\/comments?post=2682"}],"version-history":[{"count":0,"href":"https:\/\/monita.es\/en\/wp-json\/wp\/v2\/pages\/2682\/revisions"}],"up":[{"embeddable":true,"href":"https:\/\/monita.es\/en\/wp-json\/wp\/v2\/pages\/2641"}],"wp:featuredmedia":[{"embeddable":true,"href":"https:\/\/monita.es\/en\/wp-json\/wp\/v2\/media\/511"}],"wp:attachment":[{"href":"https:\/\/monita.es\/en\/wp-json\/wp\/v2\/media?parent=2682"}],"curies":[{"name":"wp","href":"https:\/\/api.w.org\/{rel}","templated":true}]}}

<p>The <strong>industrial marquees </strong>we sell at <a href="https://monita.es/monita/?lang=en"><strong>MOÑITA</strong></a> are made from lightweight and highly versatile aluminium frames.</p>
<h2><strong>Wide range of industrial marquees</strong></h2>
<p>Some of the characteristics that make our <strong>marquees</strong> such in-demand products for both individuals and businesses, are:</p>
<ul>
<li>Rigid or insulated synthetic membrane roofing.</li>
<li>Synthetic membrane perimeters, both rigid and insulated.</li>
<li>Height of sides of approximately 3 to 6 metres.</li>
<li>Sheltered spaces measuring approximately 5 to 40 metres.</li>
<li>Optional anti-condensation roofing.</li>
<li>Installation without having to rely on civil engineering works.</li>
</ul>
<p><strong>Industrial marquees</strong> are suitable for use during events, launches, business and activities, among others.</p>
<p>At <strong>MOÑITA </strong>we have an experienced team of professionals to assemble these structures quickly and safely. We are certified by the <strong>Spanish Association of Tents and Temporary Installations (ASPEC in Spanish).</strong> Contact us.</p>

<p>The industrial marquees we sell at MOÑITA are made from lightweight and highly versatile aluminium frames. Wide range of industrial marquees Some of the characteristics that make our marquees such in-demand products for both individuals and businesses, are: Rigid or insulated synthetic membrane roofing. Synthetic membrane perimeters, both rigid and insulated. Height of sides of &#8230; <a title="Industrial marquees" class="read-more" href="https://monita.es/en/carpas/carpas-industriales/" aria-label="Read more about Industrial marquees">Leer más</a></p>

<!-- This site is optimized with the Yoast SEO plugin v24.7 - https://yoast.com/wordpress/plugins/seo/ -->
<title>Industrial tents - Tents - MOÑITA</title>
<meta name="description" content="Decide for the industrial tents that we offer in MOÑITA. Call us to know our products and prices. You will not regret" />
<meta name="robots" content="index, follow, max-snippet:-1, max-image-preview:large, max-video-preview:-1" />
<link rel="canonical" href="https://monita.es/en/carpas/carpas-industriales/" />
<meta property="og:locale" content="en_US" />
<meta property="og:type" content="article" />
<meta property="og:title" content="Industrial tents - Tents - MOÑITA" />
<meta property="og:description" content="Decide for the industrial tents that we offer in MOÑITA. Call us to know our products and prices. You will not regret" />
<meta property="og:url" content="https://monita.es/en/carpas/carpas-industriales/" />
<meta property="og:site_name" content="Venta de carpas en Madrid - MOÑITA" />
<meta property="article:modified_time" content="2019-05-14T15:12:22+00:00" />
<meta property="og:image" content="https://monita.es/wp-content/uploads/2014/12/toldo-monita-aside-nuestros-clientes.jpg" />
	<meta property="og:image:width" content="544" />
	<meta property="og:image:height" content="380" />
	<meta property="og:image:type" content="image/jpeg" />
<meta name="twitter:label1" content="Est. reading time" />
	<meta name="twitter:data1" content="1 minute" />
<script type="application/ld+json" class="yoast-schema-graph">{"@context":"https://schema.org","@graph":[{"@type":"WebPage","@id":"https://monita.es/en/carpas/carpas-industriales/","url":"https://monita.es/en/carpas/carpas-industriales/","name":"Industrial tents - Tents - MOÑITA","isPartOf":{"@id":"https://monita.es/en/#website"},"primaryImageOfPage":{"@id":"https://monita.es/en/carpas/carpas-industriales/#primaryimage"},"image":{"@id":"https://monita.es/en/carpas/carpas-industriales/#primaryimage"},"thumbnailUrl":"https://monita.es/wp-content/uploads/2014/12/toldo-monita-aside-nuestros-clientes.jpg","datePublished":"2014-12-17T20:59:07+00:00","dateModified":"2019-05-14T15:12:22+00:00","description":"Decide for the industrial tents that we offer in MOÑITA. Call us to know our products and prices. You will not regret","breadcrumb":{"@id":"https://monita.es/en/carpas/carpas-industriales/#breadcrumb"},"inLanguage":"en-US","potentialAction":[{"@type":"ReadAction","target":["https://monita.es/en/carpas/carpas-industriales/"]}]},{"@type":"ImageObject","inLanguage":"en-US","@id":"https://monita.es/en/carpas/carpas-industriales/#primaryimage","url":"https://monita.es/wp-content/uploads/2014/12/toldo-monita-aside-nuestros-clientes.jpg","contentUrl":"https://monita.es/wp-content/uploads/2014/12/toldo-monita-aside-nuestros-clientes.jpg","width":544,"height":380,"caption":"MOÑITA nuestros clientes"},{"@type":"BreadcrumbList","@id":"https://monita.es/en/carpas/carpas-industriales/#breadcrumb","itemListElement":[{"@type":"ListItem","position":1,"name":"Moñita","item":"https://monita.es/en/home-empresa/"},{"@type":"ListItem","position":2,"name":"Marquees","item":"https://monita.es/en/carpas/"},{"@type":"ListItem","position":3,"name":"Industrial marquees"}]},{"@type":"WebSite","@id":"https://monita.es/en/#website","url":"https://monita.es/en/","name":"Venta de carpas en Madrid - MOÑITA","description":"MOÑITA es carpas, confección de lonas para usos industriales, fachada textil, arquitectura textil y toldos. Diseñamos, proyectamos y creamos tu proyecto.","publisher":{"@id":"https://monita.es/en/#organization"},"potentialAction":[{"@type":"SearchAction","target":{"@type":"EntryPoint","urlTemplate":"https://monita.es/en/?s={search_term_string}"},"query-input":{"@type":"PropertyValueSpecification","valueRequired":true,"valueName":"search_term_string"}}],"inLanguage":"en-US"},{"@type":"Organization","@id":"https://monita.es/en/#organization","name":"Moñita","url":"https://monita.es/en/","logo":{"@type":"ImageObject","inLanguage":"en-US","@id":"https://monita.es/en/#/schema/logo/image/","url":"https://monita.es/wp-content/uploads/cropped-cropped-logo-monita-1-neg.png","contentUrl":"https://monita.es/wp-content/uploads/cropped-cropped-logo-monita-1-neg.png","width":785,"height":666,"caption":"Moñita"},"image":{"@id":"https://monita.es/en/#/schema/logo/image/"}}]}</script>
<!-- / Yoast SEO plugin. -->

Industrial tents - Tents - MOÑITA

Decide for the industrial tents that we offer in MOÑITA. Call us to know our products and prices. You will not regret

Venta de carpas en Madrid - MOÑITA

MOÑITA nuestros clientes

Moñita

MOÑITA es carpas, confección de lonas para usos industriales, fachada textil, arquitectura textil y toldos. Diseñamos, proyectamos y creamos tu proyecto.
